{"id":782,"date":"2022-10-07T13:37:18","date_gmt":"2022-10-07T13:37:18","guid":{"rendered":"https:\/\/theme.madsparrow.me\/most\/?page_id=782"},"modified":"2025-02-26T14:43:09","modified_gmt":"2025-02-26T14:43:09","slug":"full-page-slider","status":"publish","type":"page","link":"https:\/\/snowmediahouse.com\/","title":{"rendered":"Full Page Slider"},"content":{"rendered":"\t\t<div data-elementor-type=\"wp-page\" data-elementor-id=\"782\" class=\"elementor elementor-782\">\n\t\t\t\t\t\t<section class=\"elementor-section elementor-top-section elementor-element elementor-element-413590e elementor-section-full_width elementor-section-height-full elementor-section-height-default elementor-section-items-middle\" data-id=\"413590e\" data-element_type=\"section\">\n\t\t\t\t\t\t<div class=\"elementor-container elementor-column-gap-no\">\n\t\t\t\t\t<div class=\"elementor-column elementor-col-100 elementor-top-column elementor-element elementor-element-1cc38ab\" data-id=\"1cc38ab\" data-element_type=\"column\">\n\t\t\t<div class=\"elementor-widget-wrap elementor-element-populated\">\n\t\t\t\t\t\t<div class=\"elementor-element elementor-element-dc20e9d elementor-widget elementor-widget-ms_slider_fs\" data-id=\"dc20e9d\" data-element_type=\"widget\" data-widget_type=\"ms_slider_fs.default\">\n\t\t\t\t<div class=\"elementor-widget-container\">\n\t\t\t\t\t\r\n        <div class=\"ms-swiper-content\">\r\n            <div class=\"ms-slider\" data-nav=\"bottom\" data-autoplay=\"\" data-centered=\"off\" data-mousewheel=\"on\" data-simulatetouch=\"on\" data-grabcursor=\"on\" data-effect=\"slide\" data-direction=\"horizontal\" data-loop=\"\" data-spv=\"1\" data-spv-t=\"1\" data-spv-m=\"1\" data-space=\"0\" data-space-t=\"0\" data-space-m=\"0\" data-speed=\"1000\">\r\n                <div class=\"swiper-wrapper\">\r\n                                                                    <div class=\"swiper-slide\">\r\n                                                    <div class=\"slide-inner\" data-swiper-parallax=\"70%\">\r\n                            \r\n                                                                \r\n                                                                    <div class=\"ms-slider--video\">\r\n\r\n                                        \r\n                                                                                    <div data-vbg-mobile=\"true\" data-vbg-start-at=\"\" data-vbg=\"https:\/\/vimeo.com\/410681231\"><\/div>\r\n                                        \r\n                                        \r\n                                    <\/div>\r\n                                \r\n                                                                                                                                            <div class=\"ms-slider--cont\" data-swiper-parallax=\"-69%\">\r\n                                            <div class=\"ms-cont__inner\">\r\n\r\n                                                                                                    <h3 class=\"ms-sc--st\">produkcja<\/h3>\r\n                                                \r\n                                                                                                    <h1 class=\"ms-sc--t\">Wideo<\/h1>\r\n                                                                                                \r\n                                                                                                    <p class=\"ms-sc--desc\">Dowolna kreacja video lub fotograficzna, zawsze nastawiona na cel, kt\u00f3ry chcesz osi\u0105gn\u0105\u0107.<br\/> Wa\u017cny jest dla nas kana\u0142 dystrybucji, grupa odbiorcza, skuteczno\u015b\u0107 i dobry styl.<\/p>\r\n                                                \r\n                                                                                                    <div class=\"btn-wrap\">\r\n                                                        <a class=\"btn btn-circle btn--md\" role=\"button\" href=\"https:\/\/theme.madsparrow.me\/most\/grid-masonry\/\">\r\n                                                            <div class=\"ms-btn--circle\">\r\n                                                                <div class=\"circle\">\r\n                                                                    <div class=\"circle-fill\"><\/div>\r\n                                                                    <svg viewBox=\"0 0 50 50\" xmlns=\"http:\/\/www.w3.org\/2000\/svg\" class=\"circle-outline\"><circle cx=\"25\" cy=\"25\" r=\"23\"><\/circle><\/svg>\r\n                                                                        <div class=\"circle-icon\">\r\n                                                                            <svg viewBox=\"0 0 12 10\" fill=\"none\" xmlns=\"http:\/\/www.w3.org\/2000\/svg\" class=\"icon-arrow\">\r\n                                                                                <path d=\"M0 5.65612V4.30388L8.41874 4.31842L5.05997 0.95965L5.99054 0L10.9923 4.97273L6.00508 9.96L5.07451 9.00035L8.43328 5.64158L0 5.65612Z\"><\/path>\r\n                                                                            <\/svg>\r\n                                                                        <\/div>\t\t\t\t\t\r\n                                                                    <\/div>\r\n                                                            <\/div>\r\n\r\n                                                            <div class=\"ms-btn--label\">\r\n                                                                <div class=\"ms-btn__text\">Zobacz wi\u0119cej.<\/div>\r\n                                                                <div class=\"ms-btn__border\"><\/div>\r\n                                                            <\/div>\r\n                                                        <\/a>\r\n                                                    <\/div>\r\n                                                                                            <\/div>\r\n                                        <\/div>\r\n                                                                                                <\/div>\r\n                        <\/div>\r\n                                                                    <div class=\"swiper-slide\">\r\n                                                    <div class=\"slide-inner\" data-swiper-parallax=\"70%\">\r\n                            \r\n                                                                    <div class=\"ms-slider--img\">\r\n                                        <img fetchpriority=\"high\" decoding=\"async\" width=\"1920\" height=\"1080\" src=\"https:\/\/snowmediahouse.com\/wp-content\/uploads\/2022\/10\/most_slide_1.jpg\" class=\"attachment-full size-full wp-image-2547\" alt=\"\" srcset=\"https:\/\/snowmediahouse.com\/wp-content\/uploads\/2022\/10\/most_slide_1.jpg 1920w, https:\/\/snowmediahouse.com\/wp-content\/uploads\/2022\/10\/most_slide_1-300x169.jpg 300w, https:\/\/snowmediahouse.com\/wp-content\/uploads\/2022\/10\/most_slide_1-1024x576.jpg 1024w, https:\/\/snowmediahouse.com\/wp-content\/uploads\/2022\/10\/most_slide_1-768x432.jpg 768w, https:\/\/snowmediahouse.com\/wp-content\/uploads\/2022\/10\/most_slide_1-1536x864.jpg 1536w, https:\/\/snowmediahouse.com\/wp-content\/uploads\/2022\/10\/most_slide_1-400x225.jpg 400w, https:\/\/snowmediahouse.com\/wp-content\/uploads\/2022\/10\/most_slide_1-1120x630.jpg 1120w\" sizes=\"(max-width: 1920px) 100vw, 1920px\" \/>                                    <\/div>\r\n                                                                \r\n                                \r\n                                                                                                                                            <div class=\"ms-slider--cont\" data-swiper-parallax=\"-69%\">\r\n                                            <div class=\"ms-cont__inner\">\r\n\r\n                                                                                                    <h3 class=\"ms-sc--st\">dzia\u0142<\/h3>\r\n                                                \r\n                                                                                                    <h1 class=\"ms-sc--t\">Motion<\/h1>\r\n                                                                                                \r\n                                                                                                    <p class=\"ms-sc--desc\">Animacja wzbogaci ka\u017cd\u0105 produkcj\u0119 wideo w efektowny spos\u00f3b, nadaj\u0105c kolejnego wymiaru tre\u015bci. <\/p>\r\n                                                \r\n                                                                                                    <div class=\"btn-wrap\">\r\n                                                        <a class=\"btn btn-circle btn--md\" role=\"button\" href=\"https:\/\/theme.madsparrow.me\/most\/grid-style-1\/\">\r\n                                                            <div class=\"ms-btn--circle\">\r\n                                                                <div class=\"circle\">\r\n                                                                    <div class=\"circle-fill\"><\/div>\r\n                                                                    <svg viewBox=\"0 0 50 50\" xmlns=\"http:\/\/www.w3.org\/2000\/svg\" class=\"circle-outline\"><circle cx=\"25\" cy=\"25\" r=\"23\"><\/circle><\/svg>\r\n                                                                        <div class=\"circle-icon\">\r\n                                                                            <svg viewBox=\"0 0 12 10\" fill=\"none\" xmlns=\"http:\/\/www.w3.org\/2000\/svg\" class=\"icon-arrow\">\r\n                                                                                <path d=\"M0 5.65612V4.30388L8.41874 4.31842L5.05997 0.95965L5.99054 0L10.9923 4.97273L6.00508 9.96L5.07451 9.00035L8.43328 5.64158L0 5.65612Z\"><\/path>\r\n                                                                            <\/svg>\r\n                                                                        <\/div>\t\t\t\t\t\r\n                                                                    <\/div>\r\n                                                            <\/div>\r\n\r\n                                                            <div class=\"ms-btn--label\">\r\n                                                                <div class=\"ms-btn__text\">Dowiedz si\u0119 wi\u0119cej.<\/div>\r\n                                                                <div class=\"ms-btn__border\"><\/div>\r\n                                                            <\/div>\r\n                                                        <\/a>\r\n                                                    <\/div>\r\n                                                                                            <\/div>\r\n                                        <\/div>\r\n                                                                                                <\/div>\r\n                        <\/div>\r\n                                                                    <div class=\"swiper-slide\">\r\n                                                    <div class=\"slide-inner\" data-swiper-parallax=\"70%\">\r\n                            \r\n                                                                \r\n                                                                    <div class=\"ms-slider--video\">\r\n\r\n                                                                                    <div data-vbg-mobile=\"true\" data-vbg-start-at=\"20\" data-vbg-end-at=\"90\" data-vbg=\"https:\/\/vimeo.com\/1056008221?share=copy\"><\/div>\r\n                                        \r\n                                        \r\n                                        \r\n                                    <\/div>\r\n                                \r\n                                                                                                                                            <div class=\"ms-slider--cont\" data-swiper-parallax=\"-69%\">\r\n                                            <div class=\"ms-cont__inner\">\r\n\r\n                                                \r\n                                                                                                    <h1 class=\"ms-sc--t\">design<\/h1>\r\n                                                                                                \r\n                                                                                                    <p class=\"ms-sc--desc\">Design to harmonijne po\u0142\u0105czenie estetyki i funkcjonalno\u015bci, <br\/> kt\u00f3re kszta\u0142tuje do\u015bwiadczenie u\u017cytkownika i przekazuje to\u017csamo\u015b\u0107 marki.<\/p>\r\n                                                \r\n                                                                                                    <div class=\"btn-wrap\">\r\n                                                        <a class=\"btn btn-circle btn--md\" role=\"button\" href=\"https:\/\/theme.madsparrow.me\/most\/list-style\/\">\r\n                                                            <div class=\"ms-btn--circle\">\r\n                                                                <div class=\"circle\">\r\n                                                                    <div class=\"circle-fill\"><\/div>\r\n                                                                    <svg viewBox=\"0 0 50 50\" xmlns=\"http:\/\/www.w3.org\/2000\/svg\" class=\"circle-outline\"><circle cx=\"25\" cy=\"25\" r=\"23\"><\/circle><\/svg>\r\n                                                                        <div class=\"circle-icon\">\r\n                                                                            <svg viewBox=\"0 0 12 10\" fill=\"none\" xmlns=\"http:\/\/www.w3.org\/2000\/svg\" class=\"icon-arrow\">\r\n                                                                                <path d=\"M0 5.65612V4.30388L8.41874 4.31842L5.05997 0.95965L5.99054 0L10.9923 4.97273L6.00508 9.96L5.07451 9.00035L8.43328 5.64158L0 5.65612Z\"><\/path>\r\n                                                                            <\/svg>\r\n                                                                        <\/div>\t\t\t\t\t\r\n                                                                    <\/div>\r\n                                                            <\/div>\r\n\r\n                                                            <div class=\"ms-btn--label\">\r\n                                                                <div class=\"ms-btn__text\">Zobacz wi\u0119cej.<\/div>\r\n                                                                <div class=\"ms-btn__border\"><\/div>\r\n                                                            <\/div>\r\n                                                        <\/a>\r\n                                                    <\/div>\r\n                                                                                            <\/div>\r\n                                        <\/div>\r\n                                                                                                <\/div>\r\n                        <\/div>\r\n                                                                    <div class=\"swiper-slide\">\r\n                                                    <div class=\"slide-inner\" data-swiper-parallax=\"70%\">\r\n                            \r\n                                                                \r\n                                                                    <div class=\"ms-slider--video\">\r\n\r\n                                        \r\n                                                                                    <div data-vbg-mobile=\"true\" data-vbg-start-at=\"\" data-vbg=\"https:\/\/vimeo.com\/1055984175?share=copy\"><\/div>\r\n                                        \r\n                                        \r\n                                    <\/div>\r\n                                \r\n                                                                                                                                            <div class=\"ms-slider--cont\" data-swiper-parallax=\"-69%\">\r\n                                            <div class=\"ms-cont__inner\">\r\n\r\n                                                \r\n                                                                                                    <h1 class=\"ms-sc--t\">web 3d<\/h1>\r\n                                                                                                \r\n                                                                                                    <p class=\"ms-sc--desc\">Digitalizacja 3D precyzyjnie odwzorowuje fizyczne produkty,<br\/> wspieraj\u0105c ich analiz\u0119, modyfikacj\u0119 i prezentacj\u0119 w e-commerce.<\/p>\r\n                                                \r\n                                                                                                    <div class=\"btn-wrap\">\r\n                                                        <a class=\"btn btn-circle btn--md\" role=\"button\" href=\"\">\r\n                                                            <div class=\"ms-btn--circle\">\r\n                                                                <div class=\"circle\">\r\n                                                                    <div class=\"circle-fill\"><\/div>\r\n                                                                    <svg viewBox=\"0 0 50 50\" xmlns=\"http:\/\/www.w3.org\/2000\/svg\" class=\"circle-outline\"><circle cx=\"25\" cy=\"25\" r=\"23\"><\/circle><\/svg>\r\n                                                                        <div class=\"circle-icon\">\r\n                                                                            <svg viewBox=\"0 0 12 10\" fill=\"none\" xmlns=\"http:\/\/www.w3.org\/2000\/svg\" class=\"icon-arrow\">\r\n                                                                                <path d=\"M0 5.65612V4.30388L8.41874 4.31842L5.05997 0.95965L5.99054 0L10.9923 4.97273L6.00508 9.96L5.07451 9.00035L8.43328 5.64158L0 5.65612Z\"><\/path>\r\n                                                                            <\/svg>\r\n                                                                        <\/div>\t\t\t\t\t\r\n                                                                    <\/div>\r\n                                                            <\/div>\r\n\r\n                                                            <div class=\"ms-btn--label\">\r\n                                                                <div class=\"ms-btn__text\">Obejrzyj przyk\u0142ady.<\/div>\r\n                                                                <div class=\"ms-btn__border\"><\/div>\r\n                                                            <\/div>\r\n                                                        <\/a>\r\n                                                    <\/div>\r\n                                                                                            <\/div>\r\n                                        <\/div>\r\n                                                                                                <\/div>\r\n                        <\/div>\r\n                                    <\/div>\r\n                                    <div class=\"ms-slider--nav nav-size--lg\">\r\n                        <div class=\"ms-nav--next\">\r\n                            <svg class=\"i-arrow\" viewBox=\"0 0 17 12\">\r\n                                <path d=\"M1,6h14\"><\/path>\r\n                                <path d=\"M12,1l4,5\"><\/path>\r\n                                <path d=\"M12,11l4-5\"><\/path>\r\n                            <\/svg>\r\n                        <\/div>\r\n                        <div class=\"ms-nav--prev\">\r\n                            <svg class=\"i-arrow\" viewBox=\"0 0 17 12\">\r\n                                <path d=\"M1,6h14\"><\/path>\r\n                                <path d=\"M12,1l4,5\"><\/path>\r\n                                <path d=\"M12,11l4-5\"><\/path>\r\n                            <\/svg>\r\n                        <\/div>\r\n                    <\/div>\r\n                                                    <div class=\"ms-slider--progress center\">\r\n                        <div class=\"ms-slider--count\"><\/div>\r\n                        <div class=\"ms-slider--pagination swiper-pagination\"><\/div>\r\n                        <div class=\"ms-slider--count__total\"><\/div>\r\n                    <\/div>\r\n                            <\/div>\r\n        <\/div>\r\n\t\t\t\t\t\t<\/div>\n\t\t\t\t<\/div>\n\t\t\t\t\t<\/div>\n\t\t<\/div>\n\t\t\t\t\t<\/div>\n\t\t<\/section>\n\t\t\t\t<\/div>\n\t\t","protected":false},"excerpt":{"rendered":"<p>produkcja Wideo Dowolna kreacja video lub fotograficzna, zawsze nastawiona na cel, kt\u00f3ry chcesz osi\u0105gn\u0105\u0107. Wa\u017cny jest dla nas kana\u0142 dystrybucji, grupa odbiorcza, skuteczno\u015b\u0107 i [&hellip;]<\/p>\n","protected":false},"author":2,"featured_media":0,"parent":0,"menu_order":0,"comment_status":"closed","ping_status":"closed","template":"page-no-footer.php","meta":{"_acf_changed":false,"footnotes":""},"class_list":["post-782","page","type-page","status-publish","hentry"],"acf":{"full_width":true,"header_transparent":true,"header_white":true},"_links":{"self":[{"href":"https:\/\/snowmediahouse.com\/index.php\/wp-json\/wp\/v2\/pages\/782","targetHints":{"allow":["GET"]}}],"collection":[{"href":"https:\/\/snowmediahouse.com\/index.php\/wp-json\/wp\/v2\/pages"}],"about":[{"href":"https:\/\/snowmediahouse.com\/index.php\/wp-json\/wp\/v2\/types\/page"}],"author":[{"embeddable":true,"href":"https:\/\/snowmediahouse.com\/index.php\/wp-json\/wp\/v2\/users\/2"}],"replies":[{"embeddable":true,"href":"https:\/\/snowmediahouse.com\/index.php\/wp-json\/wp\/v2\/comments?post=782"}],"version-history":[{"count":13,"href":"https:\/\/snowmediahouse.com\/index.php\/wp-json\/wp\/v2\/pages\/782\/revisions"}],"predecessor-version":[{"id":3268,"href":"https:\/\/snowmediahouse.com\/index.php\/wp-json\/wp\/v2\/pages\/782\/revisions\/3268"}],"wp:attachment":[{"href":"https:\/\/snowmediahouse.com\/index.php\/wp-json\/wp\/v2\/media?parent=782"}],"curies":[{"name":"wp","href":"https:\/\/api.w.org\/{rel}","templated":true}]}}